alse
Is 9890329 composite?
False
Is 253455149 a prime number?
False
Is 94265071 prime?
True
Is 380759783 prime?
True
Is 1753733 composite?
False
Is 1891489 prime?
True
Is 537373 a composite number?
False
Is 13990589 a prime number?
False
Is 102546355 composite?
True
Is 182482961 prime?
False
Is 6561161 a prime number?
True
Is 74569087 a composite number?
True
Is 28119017 a prime number?
True
Is 1109723 composite?
False
Is 147374977 composite?
False
Is 1097473 a prime number?
False
Is 4735229 a prime number?
True
Is 11776951 a composite number?
False
Is 178190579 a prime number?
False
Is 72783839 prime?
True
Is 1712503 a composite number?
True
Is 70814969 a composite number?
True
Is 36105983 a composite number?
True
Is 296923 prime?
False
Is 952349 a prime number?
True
Is 398277959 a composite number?
True
Is 24466771 a prime number?
False
Is 5446453 a composite number?
True
Is 10960667 a composite number?
False
Is 9374821 a composite number?
False
Is 88643 prime?
True
Is 178289 composite?
False
Is 86137199 a prime number?
True
Is 173759 composite?
True
Is 19406053 a composite number?
False
Is 125445301 prime?
True
Is 336586771 prime?
True
Is 17368249 composite?
False
Is 6650359 a prime number?
False
Is 3672443 composite?
True
Is 891421 a composite number?
False
Is 3899339 prime?
True
Is 9768377 prime?
False
Is 20832451 prime?
True
Is 3139981 composite?
True
Is 7898698 a composite number?
True
Is 2829769 a composite number?
True
Is 12579403 composite?
False
Is 468577 a prime number?
True
Is 28046981 a composite number?
False
Is 30555985 a prime number?
False
Is 1137123041 prime?
True
Is 16933739 a composite number?
False
Is 5725021 a prime number?
True
Is 46271377 a prime number?
False
Is 3681499 composite?
False
Is 32968843 prime?
True
Is 48333713 composite?
True
Is 239397181 composite?
True
Is 11791141 composite?
False
Is 220376137 composite?
False
Is 594407 a composite number?
True
Is 378857773 prime?
False
Is 420992419 a composite number?
True
Is 1407773 composite?
True
Is 765293 prime?
True
Is 329275813 composite?
False
Is 38911903 a prime number?
True
Is 1928753 composite?
False
Is 3383561 composite?
True
Is 820779353 prime?
False
Is 174299471 composite?
False
Is 179432597 a prime number?
False
Is 1901821 a composite number?
True
Is 14976691 prime?
False
Is 15330801 prime?
False
Is 42392263 composite?
False
Is 81072569 composite?
False
Is 914161 prime?
True
Is 39587261 composite?
True
Is 129961457 composite?
False
Is 4982869 a composite number?
False
Is 1056071 a composite number?
False
Is 1044877 composite?
False
Is 34433114 composite?
True
Is 14120519 composite?
True
Is 4713697 a prime number?
True
Is 29016145 prime?
False
Is 98635391 prime?
True
Is 6069811 composite?
True
Is 2995751 composite?
True
Is 36541151 a prime number?
False
Is 2047027 a prime number?
False
Is 106496861 a prime number?
True
Is 5432137 composite?
True
Is 13513121 composite?
True
Is 948859 prime?
False
Is 90168773 a prime number?
False
Is 27602387 composite?
True
Is 84162269 a prime number?
True
Is 87020579 a prime number?
False
Is 1706113 prime?
True
Is 46478287 composite?
False
Is 685301 composite?
False
Is 417631 a composite number?
False
Is 17664289 a prime number?
True
Is 38654051 a composite number?
False
Is 6908402 composite?
True
Is 98159353 composite?
False
Is 10117807 prime?
False
Is 87925531 prime?
True
Is 633169079 composite?
True
Is 15472271 a composite number?
False
Is 173137693 composite?
True
Is 2377241 composite?
False
Is 37339409 a composite number?
False
Is 9964549 composite?
True
Is 107685199 composite?
False
Is 3285089 prime?
True
Is 831337 prime?
False
Is 363380999 prime?
False
Is 4058689 composite?
True
Is 890603211 a composite number?
True
Is 3674855 composite?
True
Is 4588171 prime?
False
Is 657383 a composite number?
False
Is 101464663 composite?
False
Is 9689461 a composite number?
False
Is 1328069 prime?
False
Is 7021913 prime?
True
Is 133663142 prime?
False
Is 639985 a composite number?
True
Is 418913 prime?
False
Is 81290507 prime?
True
Is 978001 prime?
True
Is 2362567 prime?
False
Is 8298551 a composite number?
True
Is 8238143 composite?
True
Is 21245893 composite?
True
Is 79573061 prime?
True
Is 4929731 composite?
False
Is 30497243 a composite number?
True
Is 346633769 prime?
True
Is 95684497 composite?
False
Is 25911181 a composite number?
True
Is 25219073 a prime number?
False
Is 1821259 prime?
False
Is 102293 composite?
False
Is 122017 composite?
True
Is 17670203 a composite number?
False
Is 15360767 a composite number?
False
Is 50948923 a prime number?
True
Is 7198039 prime?
True
Is 64273061 a composite number?
True
Is 151202833 a prime number?
False
Is 4391573 composite?
True
Is 293116555 a composite number?
True
Is 33435619 composite?
True
Is 1923677 composite?
True
Is 494191651 prime?
True
Is 48351133 a prime number?
False
Is 9117443 composite?
False
Is 4185661 a composite number?
False
Is 600402023 composite?
True
Is 36652871 composite?
True
Is 3021407 a prime number?
True
Is 11507423 composite?
True
Is 1679627 a composite number?
False
Is 13219111 composite?
False
Is 13093 composite?
False
Is 126999289 composite?
True
Is 11335409 composite?
False
Is 2834509 composite?
False
Is 7141291 composite?
False
Is 54539879 composite?
False
Is 33658565 a prime number?
False
Is 40744307 a prime number?
True
Is 55457905 a composite number?
True
Is 244692251 a composite number?
False
Is 2108429 prime?
True
Is 18898123 prime?
True
Is 124793243 prime?
False
Is 58267 a prime number?
False
Is 30197659 a composite number?
False
Is 799291 composite?
False
Is 268203893 prime?
True
Is 3288707 a composite number?
False
Is 13779011 a composite number?
False
Is 15706241 a prime number?
False
Is 6216637 a prime number?
False
Is 39613333 composite?
True
Is 33602579 composite?
False
Is 5680133 a composite number?
False
Is 98405227 prime?
False
Is 21926287 prime?
False
Is 2905501 composite?
True
Is 1391707 a prime number?
False
Is 40254421 a composite number?
False
Is 32364259 composite?
True
Is 70868129 prime?
False
Is 130324043 prime?
True
Is 78783163 a prime number?
False
Is 7936615 a composite number?
True
Is 7288123 prime?
True
Is 22629351 a prime number?
False
Is 966583 a prime number?
True
Is 9092483 a composite number?
True
Is 51394985 composite?
True
Is 816817 a prime number?
True
Is 81868541 a composite number?
True
Is 1152971 composite?
True
Is 68895007 prime?
False
Is 6914909 a composite number?
False
Is 70813 a prime number?
False
Is 2793451 prime?
True
Is 2632247 composite?
False
Is 14477977 a composite number?
False
Is 28933487 a prime number?
False
Is 7915906 prime?
False
Is 910931347 a prime number?
True
Is 9314083 prime?
True
Is 360533 prime?
False
Is 10493287 a prime number?
False
Is 20576311 composite?
True
Is 24680767 prime?
True
Is 2298385 a composite number?
True
Is 5572003 composite?
True
Is 1903609 prime?
False
Is 11346079 a composite number?
False
Is 58573499 composite?
False
Is 931583 prime?
False
Is 9295271 a prime number?
True
Is 14205637 prime?
False
Is 24755539 composite?
False
Is 18020659 composite?
True
Is 247667597 composite?
False
Is 125291 composite?
True
Is 799541 prime?
False
Is 147679621 a composite number?
False
Is 5004269 a prime number?
False
Is 733094 composite?
True
Is 9691393 prime?
True
Is 28107431 composite?
True
Is 1496389 a composite number?
True
Is 35561269 prime?
True
Is 117391 composite?
True
Is 1403531 a composite number?
False
Is 57674479 a composite number?
False
Is 20575031 a prime number?
True
Is 177487535 prime?
False
Is 87869 a composite number?
False
Is 2925739 a composite number?
False
Is 8728289 composite?
False
Is 36964523 prime?
True
Is 17235661 composite?
False
Is 125801023 composite?
False
Is 39843217 composite?
True
Is 150498597 a composite number?
True
Is 8006857 a prime number?
True
Is 5285053 prime?
True
Is 51886387 a prime number?
False
Is 3257629 a composite number?
True
Is 1518191 a composite number?
False
Is 295891003 a prime number?
True
Is 67510967 prime?
True
Is 227369933 composite?
True
Is 8105659 a composite number?
True
Is 517520669 a prime number?
True
Is 2389781 composite?
False
Is 3032713 a prime number?
False
Is 18187891 a composite number?
True
Is 958763 a composi